) = -4*g**2 - 4*g + 5. Let p(i) = i**2 + i - 1. Let f(j) = 5*p(j) + w(j). Determine f(o).
20
Let v(o) = o**2 + 116*o - 3360. Let d be v(24). Let w(l) = -5 + 0*l**3 - 1 + l**3 + l - 1. Give w(d).
-7
Let m(s) be the third derivative of s**6/120 - s**5/10 + s**4/24 - s**3/6 - s**2 - 54989. Suppose -4*b - 3 = -23. What is m(b)?
-21
Let g(v) = -v + 7. Let l(c) = 26*c**2 + 3*c - 3. Let b be l(-5). Let s = -621 + b. Calculate g(s).
-4
Let r be ((-32)/28)/(-4) - -178*(-1)/(-14). Let u(x) = -x**2 + 15*x + 3. Determine u(r).
29
Let z(x) = x - 2. Let s(h) = 3*h - 16. Suppose -3*a = -2*f - 0*a - 7, 0 = 2*f + 3*a + 1. Let w(d) = f*z(d) + s(d). Give w(12).
0
Let p(m) = -8*m - 35. Let r = 15002 - 15007. Give p(r).
5
Let m(d) = 3*d**2 + 4*d**2 + 345 + 5*d - 186 - 158 + d**3. Give m(-4).
29
Let w(h) = -h**2 - 14*h - 17. Suppose 0 = 5*p - 3*p + 282. Let g = 128 + p. Give w(g).
-4
Suppose -6*i + 9*i - 7 = -j, -11 = -4*i - 3*j. Let z(x) be the second derivative of x**4/4 - x**3/2 + 23*x. What is z(i)?
6
Let c(i) = -18*i**2 + 4*i - 93. Let b(f) = 90*f**2 - 20*f + 449. Let q(z) = 6*b(z) + 29*c(z). Determine q(-2).
77
Let d(q) = -10*q**2 - 2*q - 1. Let z be (31/7 - 5)*-14. Let i be (-17)/(-68) + (-10)/z. Calculate d(i).
-9
Let s be 0 + 0 + (-9)/(-36)*4. Let i(w) = 5*w**3 + w**2 - 6*w + 5. Give i(s).
5
Let l(z) = -37*z**2 - 176*z - 177. Let j(v) = 11*v**2 + 58*v + 58. Let k(h) = 7*j(h) + 2*l(h). Calculate k(-17).
1
Let s(i) = -i + 11. Let y be s(14). Let p(h) be the first derivative of -5*h**2/2 - 7*h + 4516. Calculate p(y).
8
Let t(g) = g**2 + 4*g + 5. Suppose 93*z - 90*z = -24. Determine t(z).
37
Let q(o) be the second derivative of -o**5/20 - o**4/12 - 5*o**3/3 - 11*o**2 - 8405*o. Give q(-4).
66
Let b(n) = 3*n**3 + 3*n**2 - 9*n + 7. Let m be b(3). Let f(s) = m*s - s**3 - 2 - 90*s - 6*s**2 + s**2. Give f(-5).
8
Let u be (-13 - -12)*(-26)/(3 + -1). Let t(m) = 1 + 2*m + 7 + m - u. What is t(6)?
13
Suppose 0 = 73*m - 21*m + 248 + 64. Let w(d) = -d**2 - 3*d + 8. Determine w(m).
-10
Let m(v) be the second derivative of 1/2*v**2 + 1/6*v**4 + 0 + 1/2*v**3 - 142*v + 1/20*v**5. Let h be (-8)/5 + 4/(-10). Calculate m(h).
-5
Let n(u) = -27*u - 34*u**2 + 166749168*u**3 + 1 + 5*u**2 - 166749177*u**3. Determine n(-1).
8
Let j(z) be the second derivative of 3*z**3 - 249*z**2/2 - 34*z + 36. Determine j(14).
3
Let o = -130 + 128. Let n(s) = -s**3 + s**2 - 5*s - 15. What is n(o)?
7
Let o(m) = 14*m**2 + 8*m - 28. Let s(i) = 5*i**2 + 3*i - 9. Let c(w) = -4*o(w) + 11*s(w). What is c(-4)?
-7
Let s(o) = 102 - 388 + 93 + 100 - 4*o + 92. Determine s(-3).
11
Let a(h) = -90*h**2 - 97*h**2 + 189*h**2 - 5*h + 1 - 3*h. Determine a(5).
11
Let z(a) = 557 + 62*a**3 - 308 - 251 - 3*a - a**2. Calculate z(-1).
-62
Let m(p) = -12*p - 196. Let r(l) = l + 15. Let y(z) = 6*m(z) + 75*r(z). What is y(10)?
-21
Suppose -7*t = -11*t - 3*q + 88, -q = 5*t - 110. Let m be (-1 + 2)/((t/10)/(-11)). Let g(z) = -z. What is g(m)?
5
Let m(f) = f**3 + 5*f**2 + 2*f + 21. Let a be m(-3). Let w(y) = y**2 - 45*y + 391. Calculate w(a).
-5
Let y be ((-34)/6 + 5)*(-30)/4. Let x(c) = -3*c - 2 - 1 - 3*c + y*c - 1. Calculate x(3).
-7
Let n(h) = 2*h**2 - 42*h - 462. Let y be n(29). Let m(g) = 5*g**2 - 5*g - 2. Determine m(y).
8
Let l(d) = d**2 - 4*d - 7. Let i be l(6). Let z(k) = 7*k + 5 + 15*k + 16*k - 40*k. Let h(y) = -5*y + 14. Let u(j) = -3*h(j) + 8*z(j). What is u(i)?
-7
Let w(u) = 173*u**2 - 183*u**2 + 1560*u + 14 - 2*u**3 - 1545*u. What is w(-6)?
-4
Suppose -227*i + 225*i = n - 16, 4*i - 86 = -5*n. Let b(p) = -p**3 + 18*p**2 + 2*p - 14. Calculate b(n).
22
Let r(d) be the first derivative of d**4/2 + 4*d**3/3 - 9*d**2/2 - 17*d - 1309. Give r(-4).
-45
Let d(w) = 4*w + 2. Suppose 0*x = -4*x + 3*a + 332, 3*x + 5*a = 220. Let c be 268*15/x - (-2)/(-8). Let m be (-4)/5 - (3 + 60/c). Give d(m).
-18
Let a(m) = 5 + 3*m**2 + 18*m - m**2 + 1. Suppose -6175*c + 747 = -6258*c. Determine a(c).
6
Let n(g) be the first derivative of 7*g**3/6 - g**2/2 + 40*g + 186. Let u(m) be the first derivative of n(m). Calculate u(1).
6
Suppose -6 = 5*m - 41. Let d = -44 + 49. Let g(r) = -3 - 2*r + 3*r + 3 + d. Calculate g(m).
12
Let j be ((-28)/10 - 32/(-80))/((-1)/(-5)). Let h(x) = x**2 + 5*x - 25. What is h(j)?
59
Let w(n) be the second derivative of -12*n**3 + n**2 - n + 2100. Determine w(1).
-70
Let v(a) = -131*a - 15. Let k(s) = 175*s + 15. Let c(m) = -3*k(m) - 4*v(m). Give c(10).
5
Let v(p) be the second derivative of -7*p**4/12 + p**3/3 + 9*p**2/2 + 840*p. Calculate v(4).
-95
Suppose -416 = -324*w + 396 + 160. Let v(a) = 3*a**3 - 8*a**2 - 6. Calculate v(w).
3
Let p = 80 + -79. Let o(x) = 4*x**2 - 2 + 4*x**2 - 10*x**2 + p. Calculate o(3).
-19
Let a(t) = t**3 - 9*t**2 - 14*t - 65. Let k(f) = 5*f**3 - 45*f**2 - 71*f - 360. Let d(m) = 11*a(m) - 2*k(m). Give d(10).
-15
Let b(g) be the second derivative of -1/6*g**4 - g**2 - 30 + 5/6*g**3 - g. What is b(3)?
-5
Suppose 276*u = 225*u - 102. Let k(i) be the second derivative of i**3/6 - 3*i**2 - 6*i. Determine k(u).
-8
Let n(t) be the third derivative of -1/12*t**4 + 3*t - 13*t**2 + 1/2*t**3 - 1/120*t**6 + 1/20*t**5 + 0. Let f be (-6)/(-2 + -2 + 2). What is n(f)?
-3
Let v(f) = -5*f**2 + 35*f + 7. Let a = 4189 - 4182. Determine v(a).
7
Let c(u) = u**3 + 15*u**2 + u + 18. Let f be c(-15). Let n(h) = -h - f - 4*h**3 + 32 - 30 - h**2. Suppose -5*t - 5*s + 5 = 0, 1 = t + 2*t + 2*s. What is n(t)?
3
Let k(w) = 4*w**2 - 3*w + 1. Let s(f) = 22*f**2 - 6*f + 8. Let n(m) = 5*k(m) - s(m). Calculate n(-7).
-38
Let m be (((-4)/(-3))/4)/(6/72). Let c(l) = 1 - l**3 - 1 - 2*l + 7*l**2 + 4 - m*l. Suppose 0 = 4*s - 5 - 19. Determine c(s).
4
Let b(y) be the third derivative of 0*y**4 + 1/15*y**5 + 0 + 0*y - 1/6*y**3 - 65*y**2. Determine b(-1).
3
Let q(r) = 2*r + 5*r**2 - 4*r + 2715 + r - 2723 - 4*r + r**3. Let p = -20 - -29. Let h = 3 - p. Determine q(h).
-14
Let x(p) = -2*p - 3. Let t be (-1 - 59)/(2/4). Let n = -126 - t. Calculate x(n).
9
Let f(o) = -o**3 + 17*o**2 - 17*o + 14. Let u(b) = 4*b**2 + 18*b + 94. Let x be u(-4). Suppose 0 = 2*q - 2*j - 36, 3*j + x = -23*q + 28*q. Calculate f(q).
-2
Suppose -2*d - 4*c - 776 = 0, -5*d + 2*d - 3*c - 1161 = 0. Let l = 390 + d. Let t(p) = -p**3 + 3*p**2 + 4*p + 7. What is t(l)?
7
Let f be 1 + 391/(-46)*(-4)/2. Suppose -f = -3*v + 3. Let y(a) = a**3 - 6*a**2 - 6*a - 1. Give y(v).
6
Let o be 189*(-52)/(-494) + 2/19. Let n(q) = q**3 - 17*q**2 - 57*q - 61. Determine n(o).
-1
Let y be (18/5)/(8/40). Suppose 3*c - c = -12. Let d be 3/y + 31/c. Let u(f) = -f**3 - 4*f**2 + 7*f - 2. Calculate u(d).
-12
Let h(m) be the second derivative of -m**5/20 + m**4/6 + 5*m**3/6 - 6*m**2 + 26*m - 49. What is h(-3)?
18
Suppose 0 = -7*f + 114 - 16. Let t(p) = -2*p + 37. Determine t(f).
9
Let w(c) = -13*c + 1. Let x(o) = 3*o**2 + 23*o - 5. Suppose -3*i = 3*v + 24 + 6, -5*v = 3*i + 34. Let h be x(i). Determine w(h).
-38
Suppose o = 5*t + 41, -3*t - 5*o - 40 - 7 = 0. Let i(m) = 3*m - 15. Determine i(t).
-42
Let s(p) = p + 10. Let z(y) = -7*y - 18. Let j(n) = 4*s(n) + z(n). Calculate j(8).
-2
Let q(s) be the third derivative of s**5/60 + 49*s**3 + 275*s**2 + 2. Let t(i) be the first derivative of q(i). Let y be 0 - ((-2)/(-2) - 4). Calculate t(y).
6
Let i(q) = -3*q - 30. Suppose -3*x - 564 = -5*o - 570, -x = 5*o - 2. Give i(o).
-30
Let a(j) = -2*j**2 + 6*j + 7. Let w(p) be the third derivative of p**5/60 - p**4/8 - 2*p**3/3 - 145*p**2. Let g(b) = -3*a(b) - 5*w(b). Give g(3).
-1
Let c(f) = -2*f**2 - 2*f + 4. Suppose 2*z = -2*o - 32, 7*z - 3*o = 4*z - 78. Let d = z + 17. Determine c(d).
-20
Let g(b) = b - 1. Let n(f) = -f**2 + 1. Let x be (0 + 0 + 4)/1. Let a(l) = 2*l**2 - l - 1. Let k(p) = x*n(p) + 3*a(p). Let d(y) = -4*g(y) - k(y). Give d(3).
-18
Suppose -30 = -0*s - 2*s. Let m be s/(-3)*6/15. Let c be (8/(-16))/(m/20). Let f(w) = -w**2 + 8*w - 3. What is f(c)?
12
Let b(k) = 2*k**3 - 50 - 10*k**2 - 2*k**3 + k**3 + 63 - 12*k. Let s be (374/(-68))/(2/(-4)). What is b(s)?
2
Let w(k) = -4*k**2 + 19*k - 9. Let f be w(4). Let l(o) = 4*o**2 + 3 + 0 - f*o**2 - 1. Determine l(4).
18
Let v(z) = -244*z**2 - 7*z - 149*z**2 + 394*z**2 + 2. Suppose 0 = 2*o - 4*o + 12. What is v(o)?
-4
Let j(x) be the third derivative of 3/4*x**4 - 105*x**2 - 1/60*x**5 - 1 + 1/3*x**3 + 0*x. Determine j(18).
2
Let b = -115 - -120. Let 